{"id":23,"date":"2013-10-14T14:41:14","date_gmt":"2013-10-14T14:41:14","guid":{"rendered":"http:\/\/cgtuoc.wordpress.com\/?page_id=1"},"modified":"2016-04-05T14:13:18","modified_gmt":"2016-04-05T14:13:18","slug":"about","status":"publish","type":"page","link":"https:\/\/cgtcatalunya.cat\/uoc\/about\/","title":{"rendered":"El nostre sindicat"},"content":{"rendered":"<p>La Confederaci\u00f3 General del Treball (CGT) \u00e9s una organitzaci\u00f3 seguidora de les idees llibert\u00e0ries i anarcosindicalistes. El nostre objectiu passa per la defensa quotidiana dels interessos dels treballadors i treballadores davant la patronal, en el cam\u00ed d&#8217;una societat m\u00e9s justa, solid\u00e0ria i lliure.<br \/>\n&nbsp;<br \/>\n<strong>Senyals d&#8217;identitat<\/strong><br \/>\n&nbsp;<br \/>\nAquesta defensa dels interessos obrers contraposant-los als de la patronal nom\u00e9s es pot fer des de la participaci\u00f3 i el protagonisme dels treballadors i les treballadores.<br \/>\n&nbsp;<br \/>\nLa democr\u00e0cia directa i el federalisme s\u00f3n els principals vehicles per a potenciar aquesta participaci\u00f3. Federalisme pel qual es respecta la lliure decisi\u00f3 dels afectats en la recerca de la soluci\u00f3 als problemes que els afecten, i democr\u00e0cia directa en el sentit que totes les decisions, en tots els \u00e0mbits, surten de les assemblees dels sindicats (l&#8217;estructura organitzativa b\u00e0sica) a les que participen en llibertat i igualtat tots\/es els\/les afiliats\/des.<br \/>\n&nbsp;<br \/>\nDe la mateixa forma, la defensa incondicional dels interessos obrers exigeix la independ\u00e8ncia i autonomia de la CGT com a prefiguradora i impulsora de la independ\u00e8ncia i autonomia dels treballadors. Cap comprom\u00eds previ, cap inter\u00e8s ali\u00e8, cap depend\u00e8ncia d&#8217;altres institucions o organitzacions pot condicionar les posicions de la CGT en la defensa dels interessos dels treballadors. Aquesta independ\u00e8ncia i autonomia, que s\u00f3n necess\u00e0ries per mantenir la nostra llibertat de decisi\u00f3 i actuaci\u00f3, implica no dependre ni econ\u00f2mica ni pol\u00edticament d&#8217;inst\u00e0ncies alienes a nosaltres mateixos, i aix\u00f2 dif\u00edcilment s&#8217;aconsegueix sense participaci\u00f3. El que som i el que fem, les nostres possibilitats, s\u00f3n les que entre tots\/es aconseguim desenvolupar, amb la qual cosa la participaci\u00f3 \u00e9s una necessitat b\u00e0sica. I aquesta participaci\u00f3 interna, vehiculitzada pel federalisme i la democr\u00e0cia directa, i garantida per la independ\u00e8ncia i l&#8217;autonomia sindical, hem de plantejar-la tamb\u00e9 a l&#8217;exterior de la CGT en els temes que afecten al conjunt dels treballadors, mitjan\u00e7ant una actuaci\u00f3 sindical transparent, honesta, sense dobles llenguatges.<br \/>\n&nbsp;<br \/>\nSi la participaci\u00f3 \u00e9s un dels fonaments de la nostra actuaci\u00f3, l&#8217;altre \u00e9s la solidaritat. Els interessos obrers que defensem front la patronal, no s\u00f3n interessos egoistes i exclussivistes, sin\u00f3 que s&#8217;obren als interessos generals de la societat, sense deixar fora ning\u00fa i fent especial \u00e8mfasi en els sectors socials m\u00e9s desafavorits. La solidaritat del conjunt d&#8217;afectats per les injust\u00edcies socials, \u00e9s la millor garantia per enfrontar-se amb \u00e8xit a les injust\u00edcies i al Sistema social que les genera.<br \/>\n&nbsp;<br \/>\n<strong>Estructura organitzativa<\/strong><br \/>\n&nbsp;<br \/>\nL&#8217;estructura de la CGT t\u201a com a element b\u00e0sic el sindicat, i es desenvolupa federalment tant sectorialment com geogr\u00e0ficament. El sindicat (que t\u00e9 les seves arrels en les seccions sindicals que agrupa), mitjan\u00e7ant el pacte federal successiu, forma les federacions locals i comarcals, que formen federacions territorials a nivell d&#8217;autonomies o nacionalitats. Paral\u00b7lelament, a l&#8217;\u00e0mbit sectorial forma les federacions d&#8217;ind\u00fastria. A tots els \u00e0mbits el sindicat mant\u00e9 el car\u00e0cter d&#8217;unitat b\u00e0sica de la que sorgeix tot el proc\u00e9s de prendre decisions. A tots els nivells funcionen les corresponents juntes o comit\u00e8s, sense capacitat decis\u00f2ria sin\u00f3 coordinadora, essent els c\u00e0rrecs de car\u00e0cter rotatiu i a disposici\u00f3 dels representats.<br \/>\n&nbsp;<br \/>\n<strong>Objectius<\/strong><br \/>\n&nbsp;<br \/>\nL&#8217;objectiu central de la CGT \u00e9s la construcci\u00f3 d&#8217;una societat m\u00e9s justa, lliure i solid\u00e0ria, objectiu que t\u00e9 moltes connotacions pol\u00edtico-socials que s&#8217;escapen a una visi\u00f3 restrictiva del fet sindical. L&#8217;ecologia, l&#8217;antimilitarisme, la igualtat de sexes, races i pobles, etc, s\u00f3n q\u00fcestions a les que la CGT tamb\u00e9 dedica el seu treball, la seva lluita, fins i tot en el plantejament sindical quotidi\u00e0. Acci\u00f3 social i acci\u00f3 sindical formen part de la mateixa lluita global. En aquest cam\u00ed la CGT intentar\u00e0 treballar conjuntament amb col\u00b7lectius llibertaris i alternatius, i amb les diferents xarxes i coordinadores que a nivell internacional lluiten contra el neoliberalisme i la globalitzaci\u00f3 capitalista.<br \/>\n&nbsp;<br \/>\nEn el terreny sindical, la CGT t\u00e9 que fer front a les constants agressions que, actualment, pateixen els treballadors. A trav\u00e9s de la manipulaci\u00f3 de la crisi econ\u00f2mica, el capitalisme mundial est\u00e0 portant a terme una important ofensiva contra els treballadors i contra tots els sectors socialment desafavorits. La competitivitat no \u00e9s altra cosa que l&#8217;intent d&#8217;augmentar els beneficis empresarials empitjorant les condicions de vida i treball.<br \/>\n&nbsp;<br \/>\nL&#8217;atur i la precaritzaci\u00f3 i degradaci\u00f3 del treball s\u00f3n una forma d&#8217;afeblir i derrotar els treballadors i, per aix\u00f2 mateix, han de constituir una preocupaci\u00f3 preferent del sindicalisme. Al mateix temps, la defensa de les condicions de vida i treball (ritmes, torns, mobilitat,&#8230;) i la del poder adquisitiu dels salaris, constitueixen el gruix del nostre sindicalisme a les empreses. S\u00f3n objectius valorables en s\u00ed mateixos, sense acceptar que el lloc de treball i les condicions laborals siguin una cosa que pugui ser compensada i canviada per diners.<br \/>\n&nbsp;<br \/>\nPer\u00f2 el sindicalisme no s&#8217;ha de reduir a l&#8217;empresa. La defensa de les conquestes socials, la consecuci\u00f3 d&#8217;unes pol\u00edtiques econ\u00f2miques redistributives, la lluita contra les injust\u00edcies socials, el manteniment i aven\u00e7 de la legislaci\u00f3 laboral i sindical que garanteixi els nostres drets i llibertats, constitueixen uns objectius generals i comuns pel nostre sindicalisme. La defensa d&#8217;aquests objectius, tant de tipus general com els particulars de cada centre de treball, no es pot portar a terme sense la participaci\u00f3 dels treballadors. Si actualment ens trobem amb una ofensiva del Capital sense precedents i amb un retroc\u00e9s dels treballadors, dels seus drets i les seves condicions de vida i treball, \u00e9s perqu\u00e8 els treballadors ens hem deixat desarmar i desmobilitzar, deixant els nostres interessos en mans d&#8217;un sindicalisme entregat i burocr\u00e0tic, que ens ha portat a una din\u00e0mica de p\u00e8rdua de for\u00e7a paral\u00b7lela a l&#8217;increment de les exig\u00e8ncies i la for\u00e7a de la patronal.<br \/>\n&nbsp;<br \/>\n<strong>Conclusi\u00f3<\/strong><br \/>\n&nbsp;<br \/>\nTot aix\u00f2 nom\u00e9s \u00e9s una esquem\u00e0tica presentaci\u00f3 de la CGT. Per damunt de tot, la CGT \u00e9s un projecte que tenim que construir entre tots i totes, un projecte obert, les possibilitats i limitacions del qual depenen de nosaltres mateix@s. La participaci\u00f3 a l&#8217;Organitzaci\u00f3 ha de ser un pas en el cam\u00ed de constituir-nos en protagonistes, en agents actius de les situacions que ens afecten. La lluita per la llibertat i la just\u00edcia, per aconseguir una societat millor, no t\u00e9 altre cam\u00ed.<br \/>\n&nbsp;<\/p>\n<div class=\"sharing-default-minimal post-bottom\"><div class=\"nectar-social default\" data-position=\"\" data-rm-love=\"0\" data-color-override=\"override\"><div class=\"nectar-social-inner\"><a href=\"#\" class=\"nectar-love\" id=\"nectar-love-23\" title=\"Love this\"> <i class=\"icon-salient-heart-2\"><\/i><span class=\"love-text\">Love<\/span><span class=\"total_loves\"><span class=\"nectar-love-count\">0<\/span><\/span><\/a><a class='facebook-share nectar-sharing' href='#' title='Share this'> <i class='fa fa-facebook'><\/i> <span class='social-text'>Share<\/span> <\/a><a class='twitter-share nectar-sharing' href='#' title='Tweet this'> <i class='fa fa-twitter'><\/i> <span class='social-text'>Tweet<\/span> <\/a><\/div><\/div><\/div>","protected":false},"excerpt":{"rendered":"<p>La Confederaci\u00f3 General del Treball (CGT) \u00e9s una organitzaci\u00f3 seguidora de les idees llibert\u00e0ries i anarcosindicalistes. El nostre objectiu passa per la defensa quotidiana dels interessos dels treballadors i treballadores davant la patronal, en&#46;&#46;&#46;<\/p>\n","protected":false},"author":2,"featured_media":0,"parent":0,"menu_order":4,"comment_status":"open","ping_status":"closed","template":"","meta":{"footnotes":""},"class_list":["post-23","page","type-page","status-publish","hentry"],"_links":{"self":[{"href":"https:\/\/cgtcatalunya.cat\/uoc\/wp-json\/wp\/v2\/pages\/23","targetHints":{"allow":["GET"]}}],"collection":[{"href":"https:\/\/cgtcatalunya.cat\/uoc\/wp-json\/wp\/v2\/pages"}],"about":[{"href":"https:\/\/cgtcatalunya.cat\/uoc\/wp-json\/wp\/v2\/types\/page"}],"author":[{"embeddable":true,"href":"https:\/\/cgtcatalunya.cat\/uoc\/wp-json\/wp\/v2\/users\/2"}],"replies":[{"embeddable":true,"href":"https:\/\/cgtcatalunya.cat\/uoc\/wp-json\/wp\/v2\/comments?post=23"}],"version-history":[{"count":1,"href":"https:\/\/cgtcatalunya.cat\/uoc\/wp-json\/wp\/v2\/pages\/23\/revisions"}],"predecessor-version":[{"id":532,"href":"https:\/\/cgtcatalunya.cat\/uoc\/wp-json\/wp\/v2\/pages\/23\/revisions\/532"}],"wp:attachment":[{"href":"https:\/\/cgtcatalunya.cat\/uoc\/wp-json\/wp\/v2\/media?parent=23"}],"curies":[{"name":"wp","href":"https:\/\/api.w.org\/{rel}","templated":true}]}}